{"id":28,"date":"2014-02-05T13:56:46","date_gmt":"2014-02-05T11:56:46","guid":{"rendered":"http:\/\/bvsk.1a-kunden.de\/?page_id=28"},"modified":"2021-02-15T11:42:29","modified_gmt":"2021-02-15T10:42:29","slug":"impressum","status":"publish","type":"page","link":"https:\/\/www.gutachter-burkel.de\/index.php\/impressum\/","title":{"rendered":"Impressum"},"content":{"rendered":"<div class='flex_column av-3n9k8-58e72534be47f5e0d1d8e18da9e3386f av_one_third  avia-builder-el-0  el_before_av_two_third  avia-builder-el-first  first flex_column_div '     ><section  class='av_textblock_section av-39uro-7d4fe764c28feceaddf7f9609699e47b'  itemscope=\"itemscope\" itemtype=\"https:\/\/schema.org\/CreativeWork\" ><div class='avia_textblock'  itemprop=\"text\" ><h2>Impressum<\/h2>\n<p>Angaben gem\u00e4\u00df \u00a7 5 TMG:<\/p>\n<p><strong><span style=\"color: #ad3535;\">Kfz-Sachverst\u00e4ndigenb\u00fcro<br \/>\nHarald Burkel<\/span><\/strong><br \/>\nUntere Weinleite 3<br \/>\n91245 Simmelsdorf<\/p>\n<p><strong>Vertreten durch:<\/strong><\/p>\n<p>Harald Burkel<\/p>\n<p>Von der<a href=\"http:\/\/www.ifsforum.de\/\"> IfS GmbH <\/a>zertifizierter Sachverst\u00e4ndiger (IfS-Zert) f\u00fcr Kraftfahrzeugsch\u00e4den und \u2013bewertung.<br \/>\nVom <a href=\"http:\/\/www.bvsk.de\">BVSK e.V<\/a>. anerkannter Sachverst\u00e4ndiger f\u00fcr Kfz-Sch\u00e4den und Bewertung.<\/p>\n<p><strong>Kontakt:<\/strong><\/p>\n<p>Telefon: 09155 \/ 927 400Telefax: 09155 \/ 927 402Mobil:\u00a0\u00a0\u00a00171 \/ 350 80 95<\/p>\n<p>E-Mail: <a href=\"mailto:info@gutachter-burkel.de\">info@gutachter-burkel.de<\/a><\/p>\n<p><strong>Gewerbehaftpflichtversicherung:<\/strong><\/p>\n<p>ERGO Versicherung AG, Victoriaplatz 1, 40477 D\u00fcsseldorfVersicherungs-Nr.: HA 002091242.1Geltungsbereich: Weltweit, ausgenommen USA und Kanada<\/p>\n<p><strong>Verantwortlich f\u00fcr den Inhalt nach \u00a7 55 Abs. 2 RStV:<\/strong><\/p>\n<p>Kfz-Sachverst\u00e4ndigenb\u00fcro<br \/>\nHarald Burkel<br \/>\nUntere Weinleite 3<br \/>\n91245 Simmelsdorf<\/p>\n<p><strong>Streitschlichtung<\/strong><\/p>\n<p>Die Europ\u00e4ische Kommission stellt eine Plattform zur Online-Streitbeilegung (OS) bereit:\u00a0<a href=\"https:\/\/ec.europa.eu\/consumers\/odr\" target=\"_blank\" rel=\"noopener\">https:\/\/ec.europa.eu\/consumers\/odr<\/a>.<br \/>\nUnsere E-Mail-Adresse finden Sie oben im Impressum.<br \/>\nWir sind nicht bereit oder verpflichtet, an Streitbeilegungsverfahren vor einer Verbraucherschlichtungsstelle teilzunehmen.<\/p>\n<p>Das Websitetemplate wurde im Auftrag des <a href=\"http:\/\/www.bvsk.de\" target=\"_blank\" rel=\"noopener\">BVSK e.V.<\/a> erstellt.<\/p>\n<p><strong>Websiteverwaltung:<\/strong><\/p>\n<p>1A! DIGITAL GmbH<br \/>\nHeidpl\u00e4tzchen 1A<br \/>\n51789 Lindlar<\/p>\n<p>Telefon: +49 2266 465460<br \/>\nTelefax: +49 2266 46546 299<\/p>\n<p>E-Mail: <a href=\"mailto:info@1a-digital.com\">info@1a-digital.com<\/a><br \/>\nWeb: <a href=\"http:\/\/www.1a-digital.com\/\" target=\"_blank\" rel=\"noopener\">www.1a-digital.com<\/a><\/p>\n<p><strong>Quellenangaben f\u00fcr verwendete Bilder und Grafiken:<\/strong><\/p>\n<p>Slider Startseite:<br \/>\n\u00a9 Janusz Pokorski \u2013<a href=\"http:\/\/www.fotolia.com\/\" target=\"_blank\" rel=\"noopener\"> fotolia.com<\/a><br \/>\nTeaser Startseite:<br \/>\n\u00a9 Monkey Business \u2013 <a href=\"http:\/\/www.fotolia.com\/\" target=\"_blank\" rel=\"nofollow noopener\">fotolia.com<\/a><br \/>\n\u00a9 Edyta Pawlowska \u2013 <a href=\"http:\/\/www.fotolia.com\/\" target=\"_blank\" rel=\"nofollow noopener\">fotolia.com<\/a><\/p>\n<\/div><\/section><\/div>\n<div class='flex_column av-2lewo-1bce0d9da4e73fe6e469f0b62bffc39b av_two_third  avia-builder-el-2  el_after_av_one_third  el_before_av_textblock  flex_column_div '     ><p>\n<style type=\"text\/css\" data-created_by=\"avia_inline_auto\" id=\"style-css-av-27ojg-55888e459b2ffa686bb5110651f22161\">\n.avia-image-container.av-27ojg-55888e459b2ffa686bb5110651f22161 img.avia_image{\nbox-shadow:none;\n}\n.avia-image-container.av-27ojg-55888e459b2ffa686bb5110651f22161 .av-image-caption-overlay-center{\ncolor:#ffffff;\n}\n<\/style>\n<div  class='avia-image-container av-27ojg-55888e459b2ffa686bb5110651f22161 av-styling- avia-align-center  avia-builder-el-3  el_before_av_textblock  avia-builder-el-first '   itemprop=\"image\" itemscope=\"itemscope\" itemtype=\"https:\/\/schema.org\/ImageObject\" ><div class=\"avia-image-container-inner\"><div class=\"avia-image-overlay-wrap\"><img class='wp-image-700 avia-img-lazy-loading-not-700 avia_image ' src='https:\/\/www.gutachter-burkel.de\/wp-content\/uploads\/2014\/02\/Impressum2-300x186.jpg' alt='' title='Impressum'  height=\"186\" width=\"300\"  itemprop=\"thumbnailUrl\"  \/><\/div><\/div><\/div><br \/>\n<section  class='av_textblock_section av-1oo4k-934313c3b1f987b3f706390c68f85fea'  itemscope=\"itemscope\" itemtype=\"https:\/\/schema.org\/CreativeWork\" ><div class='avia_textblock'  itemprop=\"text\" ><h3>HAFTUNG F\u00dcR INHALTE<\/h3>\n<p>Als Diensteanbieter sind wir gem\u00e4\u00df \u00a7 7 Abs.1 TMG f\u00fcr eigene Inhalte auf diesen Seiten nach den allgemeinen Gesetzen verantwortlich. Nach \u00a7\u00a7 8 bis 10 TMG sind wir als Diensteanbieter jedoch nicht verpflichtet, \u00fcbermittelte oder gespeicherte fremde Informationen zu \u00fcberwachen oder nach Umst\u00e4nden zu forschen, die auf eine rechtswidrige T\u00e4tigkeit hinweisen.<\/p>\n<p>Verpflichtungen zur Entfernung oder Sperrung der Nutzung von Informationen nach den allgemeinen Gesetzen bleiben hiervon unber\u00fchrt. Eine diesbez\u00fcgliche Haftung ist jedoch erst ab dem Zeitpunkt der Kenntnis einer konkreten Rechtsverletzung m\u00f6glich. Bei Bekanntwerden von entsprechenden Rechtsverletzungen werden wir diese Inhalte umgehend entfernen.<\/p>\n<h3>HAFTUNG F\u00dcR LINKS<\/h3>\n<p>Unser Angebot enth\u00e4lt Links zu externen Websites Dritter, auf deren Inhalte wir keinen Einfluss haben. Deshalb k\u00f6nnen wir f\u00fcr diese fremden Inhalte auch keine Gew\u00e4hr \u00fcbernehmen. F\u00fcr die Inhalte der verlinkten Seiten ist stets der jeweilige Anbieter oder Betreiber der Seiten verantwortlich. Die verlinkten Seiten wurden zum Zeitpunkt der Verlinkung auf m\u00f6gliche Rechtsverst\u00f6\u00dfe \u00fcberpr\u00fcft. Rechtswidrige Inhalte waren zum Zeitpunkt der Verlinkung nicht erkennbar.<\/p>\n<p>Eine permanente inhaltliche Kontrolle der verlinkten Seiten ist jedoch ohne konkrete Anhaltspunkte einer Rechtsverletzung nicht zumutbar. Bei Bekanntwerden von Rechtsverletzungen werden wir derartige Links umgehend entfernen.<\/p>\n<h3>URHEBERRECHT<\/h3>\n<p>Die durch die Seitenbetreiber erstellten Inhalte und Werke auf diesen Seiten unterliegen dem deutschen Urheberrecht. Die Vervielf\u00e4ltigung, Bearbeitung, Verbreitung und jede Art der Verwertung au\u00dferhalb der Grenzen des Urheberrechtes bed\u00fcrfen der schriftlichen Zustimmung des jeweiligen Autors bzw. Erstellers. Downloads und Kopien dieser Seite sind nur f\u00fcr den privaten, nicht kommerziellen Gebrauch gestattet.<\/p>\n<p>Soweit die Inhalte auf dieser Seite nicht vom Betreiber erstellt wurden, werden die Urheberrechte Dritter beachtet. Insbesondere werden Inhalte Dritter als solche gekennzeichnet. Sollten Sie trotzdem auf eine Urheberrechtsverletzung aufmerksam werden, bitten wir um einen entsprechenden Hinweis. Bei Bekanntwerden von Rechtsverletzungen werden wir derartige Inhalte umgehend entfernen.<\/p>\n<\/div><\/section><\/p><\/div><section  class='av_textblock_section av-wzg0-a2808635dec9e51bdd90c72b1fd3b35f'  itemscope=\"itemscope\" itemtype=\"https:\/\/schema.org\/CreativeWork\" ><div class='avia_textblock'  itemprop=\"text\" ><p>Click here to add your own text<\/p>\n<\/div><\/section><\/p>\n","protected":false},"excerpt":{"rendered":"","protected":false},"author":3,"featured_media":0,"parent":0,"menu_order":0,"comment_status":"open","ping_status":"open","template":"","meta":[],"aioseo_notices":[],"_links":{"self":[{"href":"https:\/\/www.gutachter-burkel.de\/index.php\/wp-json\/wp\/v2\/pages\/28"}],"collection":[{"href":"https:\/\/www.gutachter-burkel.de\/index.php\/wp-json\/wp\/v2\/pages"}],"about":[{"href":"https:\/\/www.gutachter-burkel.de\/index.php\/wp-json\/wp\/v2\/types\/page"}],"author":[{"embeddable":true,"href":"https:\/\/www.gutachter-burkel.de\/index.php\/wp-json\/wp\/v2\/users\/3"}],"replies":[{"embeddable":true,"href":"https:\/\/www.gutachter-burkel.de\/index.php\/wp-json\/wp\/v2\/comments?post=28"}],"version-history":[{"count":6,"href":"https:\/\/www.gutachter-burkel.de\/index.php\/wp-json\/wp\/v2\/pages\/28\/revisions"}],"predecessor-version":[{"id":973,"href":"https:\/\/www.gutachter-burkel.de\/index.php\/wp-json\/wp\/v2\/pages\/28\/revisions\/973"}],"wp:attachment":[{"href":"https:\/\/www.gutachter-burkel.de\/index.php\/wp-json\/wp\/v2\/media?parent=28"}],"curies":[{"name":"wp","href":"https:\/\/api.w.org\/{rel}","templated":true}]}}

<div class='flex_column av-3n9k8-58e72534be47f5e0d1d8e18da9e3386f av_one_third  avia-builder-el-0  el_before_av_two_third  avia-builder-el-first  first flex_column_div '     ><section  class='av_textblock_section av-39uro-7d4fe764c28feceaddf7f9609699e47b'  itemscope="itemscope" itemtype="https://schema.org/CreativeWork" ><div class='avia_textblock'  itemprop="text" ><h2>Impressum</h2>
<p>Angaben gemäß § 5 TMG:</p>
<p><strong><span style="color: #ad3535;">Kfz-Sachverständigenbüro<br />
Harald Burkel</span></strong><br />
Untere Weinleite 3<br />
91245 Simmelsdorf</p>
<p><strong>Vertreten durch:</strong></p>
<p>Harald Burkel</p>
<p>Von der<a href="http://www.ifsforum.de/"> IfS GmbH </a>zertifizierter Sachverständiger (IfS-Zert) für Kraftfahrzeugschäden und –bewertung.<br />
Vom <a href="http://www.bvsk.de">BVSK e.V</a>. anerkannter Sachverständiger für Kfz-Schäden und Bewertung.</p>
<p><strong>Kontakt:</strong></p>
<p>Telefon: 09155 / 927 400Telefax: 09155 / 927 402Mobil:   0171 / 350 80 95</p>
<p>E-Mail: <a href="mailto:info@gutachter-burkel.de">info@gutachter-burkel.de</a></p>
<p><strong>Gewerbehaftpflichtversicherung:</strong></p>
<p>ERGO Versicherung AG, Victoriaplatz 1, 40477 DüsseldorfVersicherungs-Nr.: HA 002091242.1Geltungsbereich: Weltweit, ausgenommen USA und Kanada</p>
<p><strong>Verantwortlich für den Inhalt nach § 55 Abs. 2 RStV:</strong></p>
<p>Kfz-Sachverständigenbüro<br />
Harald Burkel<br />
Untere Weinleite 3<br />
91245 Simmelsdorf</p>
<p><strong>Streitschlichtung</strong></p>
<p>Die Europäische Kommission stellt eine Plattform zur Online-Streitbeilegung (OS) bereit: <a href="https://ec.europa.eu/consumers/odr" target="_blank" rel="noopener">https://ec.europa.eu/consumers/odr</a>.<br />
Unsere E-Mail-Adresse finden Sie oben im Impressum.<br />
Wir sind nicht bereit oder verpflichtet, an Streitbeilegungsverfahren vor einer Verbraucherschlichtungsstelle teilzunehmen.</p>
<p>Das Websitetemplate wurde im Auftrag des <a href="http://www.bvsk.de" target="_blank" rel="noopener">BVSK e.V.</a> erstellt.</p>
<p><strong>Websiteverwaltung:</strong></p>
<p>1A! DIGITAL GmbH<br />
Heidplätzchen 1A<br />
51789 Lindlar</p>
<p>Telefon: +49 2266 465460<br />
Telefax: +49 2266 46546 299</p>
<p>E-Mail: <a href="mailto:info@1a-digital.com">info@1a-digital.com</a><br />
Web: <a href="http://www.1a-digital.com/" target="_blank" rel="noopener">www.1a-digital.com</a></p>
<p><strong>Quellenangaben für verwendete Bilder und Grafiken:</strong></p>
<p>Slider Startseite:<br />
© Janusz Pokorski –<a href="http://www.fotolia.com/" target="_blank" rel="noopener"> fotolia.com</a><br />
Teaser Startseite:<br />
© Monkey Business – <a href="http://www.fotolia.com/" target="_blank" rel="nofollow noopener">fotolia.com</a><br />
© Edyta Pawlowska – <a href="http://www.fotolia.com/" target="_blank" rel="nofollow noopener">fotolia.com</a></p>
</div></section></div>
<div class='flex_column av-2lewo-1bce0d9da4e73fe6e469f0b62bffc39b av_two_third  avia-builder-el-2  el_after_av_one_third  el_before_av_textblock  flex_column_div '     ><p>
<style type="text/css" data-created_by="avia_inline_auto" id="style-css-av-27ojg-55888e459b2ffa686bb5110651f22161">
.avia-image-container.av-27ojg-55888e459b2ffa686bb5110651f22161 img.avia_image{
box-shadow:none;
}
.avia-image-container.av-27ojg-55888e459b2ffa686bb5110651f22161 .av-image-caption-overlay-center{
color:#ffffff;
}
</style>
<div  class='avia-image-container av-27ojg-55888e459b2ffa686bb5110651f22161 av-styling- avia-align-center  avia-builder-el-3  el_before_av_textblock  avia-builder-el-first '   itemprop="image" itemscope="itemscope" itemtype="https://schema.org/ImageObject" ><div class="avia-image-container-inner"><div class="avia-image-overlay-wrap"><img class='wp-image-700 avia-img-lazy-loading-not-700 avia_image ' src='https://www.gutachter-burkel.de/wp-content/uploads/2014/02/Impressum2-300x186.jpg' alt='' title='Impressum'  height="186" width="300"  itemprop="thumbnailUrl"  /></div></div></div><br />
<section  class='av_textblock_section av-1oo4k-934313c3b1f987b3f706390c68f85fea'  itemscope="itemscope" itemtype="https://schema.org/CreativeWork" ><div class='avia_textblock'  itemprop="text" ><h3>HAFTUNG FÜR INHALTE</h3>
<p>Als Diensteanbieter sind wir gemäß § 7 Abs.1 TMG für eigene Inhalte auf diesen Seiten nach den allgemeinen Gesetzen verantwortlich. Nach §§ 8 bis 10 TMG sind wir als Diensteanbieter jedoch nicht verpflichtet, übermittelte oder gespeicherte fremde Informationen zu überwachen oder nach Umständen zu forschen, die auf eine rechtswidrige Tätigkeit hinweisen.</p>
<p>Verpflichtungen zur Entfernung oder Sperrung der Nutzung von Informationen nach den allgemeinen Gesetzen bleiben hiervon unberührt. Eine diesbezügliche Haftung ist jedoch erst ab dem Zeitpunkt der Kenntnis einer konkreten Rechtsverletzung möglich. Bei Bekanntwerden von entsprechenden Rechtsverletzungen werden wir diese Inhalte umgehend entfernen.</p>
<h3>HAFTUNG FÜR LINKS</h3>
<p>Unser Angebot enthält Links zu externen Websites Dritter, auf deren Inhalte wir keinen Einfluss haben. Deshalb können wir für diese fremden Inhalte auch keine Gewähr übernehmen. Für die Inhalte der verlinkten Seiten ist stets der jeweilige Anbieter oder Betreiber der Seiten verantwortlich. Die verlinkten Seiten wurden zum Zeitpunkt der Verlinkung auf mögliche Rechtsverstöße überprüft. Rechtswidrige Inhalte waren zum Zeitpunkt der Verlinkung nicht erkennbar.</p>
<p>Eine permanente inhaltliche Kontrolle der verlinkten Seiten ist jedoch ohne konkrete Anhaltspunkte einer Rechtsverletzung nicht zumutbar. Bei Bekanntwerden von Rechtsverletzungen werden wir derartige Links umgehend entfernen.</p>
<h3>URHEBERRECHT</h3>
<p>Die durch die Seitenbetreiber erstellten Inhalte und Werke auf diesen Seiten unterliegen dem deutschen Urheberrecht. Die Vervielfältigung, Bearbeitung, Verbreitung und jede Art der Verwertung außerhalb der Grenzen des Urheberrechtes bedürfen der schriftlichen Zustimmung des jeweiligen Autors bzw. Erstellers. Downloads und Kopien dieser Seite sind nur für den privaten, nicht kommerziellen Gebrauch gestattet.</p>
<p>Soweit die Inhalte auf dieser Seite nicht vom Betreiber erstellt wurden, werden die Urheberrechte Dritter beachtet. Insbesondere werden Inhalte Dritter als solche gekennzeichnet. Sollten Sie trotzdem auf eine Urheberrechtsverletzung aufmerksam werden, bitten wir um einen entsprechenden Hinweis. Bei Bekanntwerden von Rechtsverletzungen werden wir derartige Inhalte umgehend entfernen.</p>
</div></section></p></div><section  class='av_textblock_section av-wzg0-a2808635dec9e51bdd90c72b1fd3b35f'  itemscope="itemscope" itemtype="https://schema.org/CreativeWork" ><div class='avia_textblock'  itemprop="text" ><p>Click here to add your own text</p>
</div></section></p>
