{"id":793,"date":"2014-08-14T14:54:42","date_gmt":"2014-08-14T12:54:42","guid":{"rendered":"http:\/\/burkel.1a-kunden.de\/?page_id=793"},"modified":"2014-09-03T11:32:53","modified_gmt":"2014-09-03T09:32:53","slug":"philosophie","status":"publish","type":"page","link":"https:\/\/www.gutachter-burkel.de\/index.php\/philosophie\/","title":{"rendered":"Philosophie"},"content":{"rendered":"<div class='flex_column av-av_three_fourth-2a9015ff38129c418a3f2eafba3e9512 av_three_fourth  avia-builder-el-0  el_before_av_one_fourth  avia-builder-el-first  first flex_column_div '     ><section  class='av_textblock_section av-av_textblock-022b42350836769d6ce97aa230d638e5'  itemscope=\"itemscope\" itemtype=\"https:\/\/schema.org\/CreativeWork\" ><div class='avia_textblock'  itemprop=\"text\" ><h2>Philosophie<\/h2>\n<p>Kompetenz, Zuverl\u00e4ssigkeit sowie die zeitnahe Abwicklung Ihres Auftrags \u2013 darauf lege ich gro\u00dfen Wert!<\/p>\n<p>Seit 1995 bin ich, Harald Burkel, als freiberuflicher und unabh\u00e4ngiger Kfz-Sachverst\u00e4ndiger von Simmelsdorf aus \u00fcberregional t\u00e4tig. Mein Angebotsspektrum umfasst Schadengutachten bei Unfallsch\u00e4den genauso wie Wertgutachten und Beweissicherungsgutachten.<\/p>\n<p>Dabei hat die fachliche Qualifikation f\u00fcr mich einen besonders hohen Stellenwert. F\u00fcr Sch\u00e4den und Bewertungen bin ich durch die IfS GmbH f\u00fcr Sachverst\u00e4ndige zertifiziert. Als Mitglied des BVSK und als ADAC-Vertragssachverst\u00e4ndiger kann ich zudem ein durchg\u00e4ngig hohes Qualit\u00e4tsniveau meiner Arbeit gew\u00e4hrleisten. Somit ist f\u00fcr Sie, meine Unabh\u00e4ngigkeit sowie eine stets korrekte Gutachtenerstellung sichergestellt.<\/p>\n<p>Werkst\u00e4tten und Autoh\u00e4user, Rechtsanw\u00e4lte sowie Privatkunden beauftragen mich als Sachverst\u00e4ndigen Ihres Vertrauens.<\/p>\n<p>Vertrauen auch Sie auf mich, mein Fachwissen und meine langj\u00e4hrige Erfahrung!<\/p>\n<\/div><\/section><\/div>\n<div class='flex_column av-av_one_fourth-f78fb3c186c5ceb3cf0bf54353219056 av_one_fourth  avia-builder-el-2  el_after_av_three_fourth  avia-builder-el-last  flex_column_div '     ><p>\n<style type=\"text\/css\" data-created_by=\"avia_inline_auto\" id=\"style-css-av-av_image-c2d99f500a4b5f18cdcfea5b2c387a30\">\n.avia-image-container.av-av_image-c2d99f500a4b5f18cdcfea5b2c387a30 img.avia_image{\nbox-shadow:none;\n}\n.avia-image-container.av-av_image-c2d99f500a4b5f18cdcfea5b2c387a30 .av-image-caption-overlay-center{\ncolor:#ffffff;\n}\n<\/style>\n<div  class='avia-image-container av-av_image-c2d99f500a4b5f18cdcfea5b2c387a30 av-styling- avia-align-center  avia-builder-el-3  el_before_av_testimonials  avia-builder-el-first '   itemprop=\"image\" itemscope=\"itemscope\" itemtype=\"https:\/\/schema.org\/ImageObject\" ><div class=\"avia-image-container-inner\"><div class=\"avia-image-overlay-wrap\"><img class='wp-image-802 avia-img-lazy-loading-not-802 avia_image ' src='https:\/\/www.gutachter-burkel.de\/wp-content\/uploads\/2014\/02\/Harald_Burkel.jpg' alt='' title='Harald_Burkel'   itemprop=\"thumbnailUrl\"  \/><\/div><\/div><\/div><br \/>\n<div  class='avia-testimonial-wrapper av-av_testimonials-c2dd5a314159863f1a000ada814a49f0 avia-grid-testimonials avia-grid-1-testimonials avia_animate_when_almost_visible' >\n<section class=\"avia-testimonial-row\"><div class='avia-testimonial av-av_testimonial_single-e89a435dc60035220633cb400a67af3d avia-testimonial-row-1 avia-first-testimonial flex_column no_margin av_one_full'><div class='avia-testimonial_inner'  itemscope=\"itemscope\" itemtype=\"https:\/\/schema.org\/CreativeWork\" ><div class='avia-testimonial-content '><div class='avia-testimonial-markup-entry-content'  itemprop=\"text\" ><p>\u201eIch stehe Ihnen gerne mit Rat und Tat zur Seite und freue mich auf eine gemeinsame Zusammenarbeit.\u201c<\/p>\n<\/div><\/div><div class=\"avia-testimonial-meta\"><div class=\"avia-testimonial-arrow-wrap\"><div class=\"avia-arrow\"><\/div><\/div><div class='avia-testimonial-meta-mini'  itemprop=\"author\" itemscope=\"itemscope\" itemtype=\"https:\/\/schema.org\/Person\" ><strong  class='avia-testimonial-name'  itemprop=\"name\" >Harald Burkel<\/strong><span  class='avia-testimonial-subtitle '  itemprop=\"jobTitle\" >Gesch\u00e4ftsf\u00fchrer<\/span><\/div><\/div><\/div><\/div><\/section>\n<\/div><\/p><\/div>\n","protected":false},"excerpt":{"rendered":"","protected":false},"author":3,"featured_media":0,"parent":0,"menu_order":0,"comment_status":"open","ping_status":"open","template":"","meta":[],"aioseo_notices":[],"_links":{"self":[{"href":"https:\/\/www.gutachter-burkel.de\/index.php\/wp-json\/wp\/v2\/pages\/793"}],"collection":[{"href":"https:\/\/www.gutachter-burkel.de\/index.php\/wp-json\/wp\/v2\/pages"}],"about":[{"href":"https:\/\/www.gutachter-burkel.de\/index.php\/wp-json\/wp\/v2\/types\/page"}],"author":[{"embeddable":true,"href":"https:\/\/www.gutachter-burkel.de\/index.php\/wp-json\/wp\/v2\/users\/3"}],"replies":[{"embeddable":true,"href":"https:\/\/www.gutachter-burkel.de\/index.php\/wp-json\/wp\/v2\/comments?post=793"}],"version-history":[{"count":5,"href":"https:\/\/www.gutachter-burkel.de\/index.php\/wp-json\/wp\/v2\/pages\/793\/revisions"}],"predecessor-version":[{"id":868,"href":"https:\/\/www.gutachter-burkel.de\/index.php\/wp-json\/wp\/v2\/pages\/793\/revisions\/868"}],"wp:attachment":[{"href":"https:\/\/www.gutachter-burkel.de\/index.php\/wp-json\/wp\/v2\/media?parent=793"}],"curies":[{"name":"wp","href":"https:\/\/api.w.org\/{rel}","templated":true}]}}

<div class='flex_column av-av_three_fourth-2a9015ff38129c418a3f2eafba3e9512 av_three_fourth  avia-builder-el-0  el_before_av_one_fourth  avia-builder-el-first  first flex_column_div '     ><section  class='av_textblock_section av-av_textblock-022b42350836769d6ce97aa230d638e5'  itemscope="itemscope" itemtype="https://schema.org/CreativeWork" ><div class='avia_textblock'  itemprop="text" ><h2>Philosophie</h2>
<p>Kompetenz, Zuverlässigkeit sowie die zeitnahe Abwicklung Ihres Auftrags – darauf lege ich großen Wert!</p>
<p>Seit 1995 bin ich, Harald Burkel, als freiberuflicher und unabhängiger Kfz-Sachverständiger von Simmelsdorf aus überregional tätig. Mein Angebotsspektrum umfasst Schadengutachten bei Unfallschäden genauso wie Wertgutachten und Beweissicherungsgutachten.</p>
<p>Dabei hat die fachliche Qualifikation für mich einen besonders hohen Stellenwert. Für Schäden und Bewertungen bin ich durch die IfS GmbH für Sachverständige zertifiziert. Als Mitglied des BVSK und als ADAC-Vertragssachverständiger kann ich zudem ein durchgängig hohes Qualitätsniveau meiner Arbeit gewährleisten. Somit ist für Sie, meine Unabhängigkeit sowie eine stets korrekte Gutachtenerstellung sichergestellt.</p>
<p>Werkstätten und Autohäuser, Rechtsanwälte sowie Privatkunden beauftragen mich als Sachverständigen Ihres Vertrauens.</p>
<p>Vertrauen auch Sie auf mich, mein Fachwissen und meine langjährige Erfahrung!</p>
</div></section></div>
<div class='flex_column av-av_one_fourth-f78fb3c186c5ceb3cf0bf54353219056 av_one_fourth  avia-builder-el-2  el_after_av_three_fourth  avia-builder-el-last  flex_column_div '     ><p>
<style type="text/css" data-created_by="avia_inline_auto" id="style-css-av-av_image-c2d99f500a4b5f18cdcfea5b2c387a30">
.avia-image-container.av-av_image-c2d99f500a4b5f18cdcfea5b2c387a30 img.avia_image{
box-shadow:none;
}
.avia-image-container.av-av_image-c2d99f500a4b5f18cdcfea5b2c387a30 .av-image-caption-overlay-center{
color:#ffffff;
}
</style>
<div  class='avia-image-container av-av_image-c2d99f500a4b5f18cdcfea5b2c387a30 av-styling- avia-align-center  avia-builder-el-3  el_before_av_testimonials  avia-builder-el-first '   itemprop="image" itemscope="itemscope" itemtype="https://schema.org/ImageObject" ><div class="avia-image-container-inner"><div class="avia-image-overlay-wrap"><img class='wp-image-802 avia-img-lazy-loading-not-802 avia_image ' src='https://www.gutachter-burkel.de/wp-content/uploads/2014/02/Harald_Burkel.jpg' alt='' title='Harald_Burkel'   itemprop="thumbnailUrl"  /></div></div></div><br />
<div  class='avia-testimonial-wrapper av-av_testimonials-c2dd5a314159863f1a000ada814a49f0 avia-grid-testimonials avia-grid-1-testimonials avia_animate_when_almost_visible' >
<section class="avia-testimonial-row"><div class='avia-testimonial av-av_testimonial_single-e89a435dc60035220633cb400a67af3d avia-testimonial-row-1 avia-first-testimonial flex_column no_margin av_one_full'><div class='avia-testimonial_inner'  itemscope="itemscope" itemtype="https://schema.org/CreativeWork" ><div class='avia-testimonial-content '><div class='avia-testimonial-markup-entry-content'  itemprop="text" ><p>„Ich stehe Ihnen gerne mit Rat und Tat zur Seite und freue mich auf eine gemeinsame Zusammenarbeit.“</p>
</div></div><div class="avia-testimonial-meta"><div class="avia-testimonial-arrow-wrap"><div class="avia-arrow"></div></div><div class='avia-testimonial-meta-mini'  itemprop="author" itemscope="itemscope" itemtype="https://schema.org/Person" ><strong  class='avia-testimonial-name'  itemprop="name" >Harald Burkel</strong><span  class='avia-testimonial-subtitle '  itemprop="jobTitle" >Geschäftsführer</span></div></div></div></div></section>
</div></p></div>
